x).
0
Let k(x) be the second derivative of x**3 + 5*x**2/2 - 3*x. Calculate k(-4).
-19
Let v(t) = -t. Let d(p) = p**3 + 4*p**2 - 6*p - 4. Suppose -17 = 2*i - 7. Let h be d(i). Suppose -5*c = h - 21. What is v(c)?
-4
Let u(i) = -i**2 - i. Let r be u(-2). Let o(j) = -j**3 - 5*j**2 + 5. Let w be o(-5). Let p(t) = -t - t**2 + 1 - 7 - w + 13. Calculate p(r).
0
Let n(w) = -w**3 - 2*w**2 + w + 2. Let q be n(-2). Let x be (q - -4)*6/8. Let j(m) = 0 + 2*m - 1 - 2*m**3 + m**3 + 2*m**2. Give j(x).
-4
Let o(g) be the second derivative of -g**4/6 - g**3/2 + 3*g**2/2 + g. Suppose -14 = 2*i + 4*h, -5*i + 4*h = -2*i + 1. Give o(i).
-6
Suppose 5*z + 10 = -8*r + 3*r, -4*r - 5 = 3*z. Let c(h) be the third derivative of 0 - 1/6*h**4 + 3*h**2 - 2/3*h**3 + 0*h. Give c(z).
8
Let v = 22 - 14. Let p(k) be the second derivative of k**3/6 - 5*k**2 - 5*k. Let c be p(v). Let n(j) = -j**2 - 2*j + 1. Calculate n(c).
1
Let n(f) = f**2 - 12*f - 1. Let k be n(12). Let y(b) = -b**3 - 2*b**2 + b + 1. Calculate y(k).
-1
Suppose 2*i + 13 = 2*w - 1, -4*i = -3*w + 23. Let s(x) = -13*x. Let v(k) = 3*k. Let c(b) = -4*s(b) - 18*v(b). Determine c(i).
4
Let t(x) = 3*x**2 + 4*x + 3. Let g = -1 - 1. Let s be t(g). Suppose -2*r + 3 + s = 0. Let p(o) = o**2 - 6*o + 3. Determine p(r).
-2
Let j = -21 + 10. Let h = j + 9. Let m(p) = -p**2 + p + 2. Determine m(h).
-4
Let y = -7 - -3. Let h be 13/5 - y/10. Let t(n) = 1 - 2*n**h - 4*n + 0 - 5*n**2 + n**3. Calculate t(-3).
-5
Let x(c) = -6*c**2 + 1. Suppose b + 2 = 2*q - 4*b, 5*b - 1 = -q. Calculate x(q).
-5
Let v(i) = -5*i - 8*i**2 + 12 + 7*i**2 - 9. Calculate v(-4).
7
Let c(z) be the first derivative of -1/20*z**5 - 1 - z + 1/2*z**2 - 5/12*z**4 + 0*z**3. Let u(f) be the first derivative of c(f). Give u(-5).
1
Let v = 8 + -2. Suppose 0 = 2*j + 2*u - v, -3*j - 5*u = -7*j + 30. Let n(h) = -2*h - 6 + 10*h - 5*h - 1. Calculate n(j).
8
Let a(x) be the first derivative of 1/2*x**2 + 0*x - 4. Determine a(1).
1
Let q be 3/2*2/1. Suppose q*w - 8 + 2 = 0. Suppose 5*o + 8 = -w. Let n(j) = -j**2 + 1. Determine n(o).
-3
Let m(k) = -k + 1. Let i(z) = 7*z - 8. Let l(w) = i(w) + m(w). What is l(5)?
23
Let a(d) be the third derivative of -d**6/120 + d**5/60 - d**4/24 + d**3/6 + 8*d**2. Let q(i) = -5*i**3 + i - 1. Let b(o) = 6*a(o) - q(o). Calculate b(5).
-3
Let n(w) = w**3 + w**2. Let t(h) = 2*h**3 - h**2 - h + 2. Let y be t(1). Calculate n(y).
12
Let q(a) = 13*a + 1. Let c be 1/(-5) - 2/(-10). Suppose 0 = d - c - 1. Calculate q(d).
14
Let a be (42/(-35))/(2/(-10)). Let d = a - 2. Let v(u) = u**2 - 4*u + 5. Determine v(d).
5
Let n(d) = 7*d**2 + 4*d - 10. Let h(l) = 6*l**2 + 4*l - 9. Let y(z) = -5*h(z) + 4*n(z). Suppose -2*a - 4 = -a. Give y(a).
-11
Suppose -12*h + 8 = -14*h. Let v(c) = 6*c + 7. Let z(f) = -7*f - 8. Let g(r) = 6*v(r) + 5*z(r). Give g(h).
-2
Let h(p) = p**2. Let t = 9 - 10. Calculate h(t).
1
Let z(o) be the third derivative of -o**7/840 + o**6/360 + o**5/60 - o**4/24 + 3*o**2. Let p(q) be the second derivative of z(q). Determine p(2).
-6
Let o(j) = -j + 8. Suppose 12 = 4*d - 16. Let m = 7 - d. What is o(m)?
8
Let c(o) = 7*o**2 - 7*o - 7. Let a(f) = 4*f**2 - 3*f - 4. Let s(v) = 5*a(v) - 3*c(v). Determine s(5).
6
Let b(g) = 3*g + 1 + 4*g - 2 - 6*g. Suppose 2*h - 5*j = 7, -j + 3*j + 2 = 0. Give b(h).
0
Let j(l) be the third derivative of l**6/20 - l**4/24 + l**3/6 + 14*l**2. Give j(1).
6
Suppose 4 = 3*z - 5*z. Let r(s) be the second derivative of s**4/24 + s**3/6 + 2*s**2 - 3*s. Let u(d) be the first derivative of r(d). What is u(z)?
-1
Let n be 18/(-4) - 6/(-4). Let p(t) = t**3 + 4*t**2 - t - 3. Give p(n).
9
Let a(w) be the third derivative of -w**6/120 + w**5/15 - w**4/8 + 2*w**3/3 + 2*w**2. Let q = 32 - 29. Give a(q).
4
Let l = -143/3 - -48. Let d(z) be the second derivative of -z**2 + 0 + l*z**4 - 2*z + 1/6*z**3 - 1/20*z**5. Determine d(4).
2
Let o(l) be the first derivative of -1/2*l**2 - 1/4*l**4 + 4/3*l**3 + 0*l + 6. Determine o(3).
6
Let z(p) = -p**2 + 6*p + 4. Let g be (-54)/9*-1*1. Calculate z(g).
4
Let g(d) = 2*d**3 + 2*d**2 - 3*d - 2. Suppose 5*v = u - 0*u - 7, -5*v = -2*u + 4. Calculate g(v).
-4
Let d(a) = a**3 + 5*a**2 - a + 6. Suppose 5 = w - 2*w. What is d(w)?
11
Let v(u) = -u**3 - 7*u**2 - 3*u - 8. Suppose 0 = 2*h - r + 15, -h - 25 = 3*h + 3*r. What is v(h)?
13
Let p(n) = 7*n**3 + 5*n**2 + 3*n + 9. Let c(z) = -11*z**3 - 7*z**2 - 4*z - 14. Let v(t) = -5*c(t) - 8*p(t). Let s be 4/14 + 5/35*-23. Determine v(s).
-8
Let v(d) = d**2 - d + 4. Let z be 6/(-8)*2 + 27/18. Calculate v(z).
4
Let d(u) be the third derivative of -u**4/8 + u**3/2 - 18*u**2. Suppose 5*w + 4 = w + 5*b, -4*w - b + 20 = 0. Give d(w).
-9
Let z(i) be the second derivative of -1/4*i**4 + 1/2*i**2 + 0 - i + 1/20*i**5 - 1/2*i**3. What is z(4)?
5
Let b(n) = -n - 8. Let h(p) = p**3 + 3*p**2 - p - 3. Let v be h(-3). Suppose -3*u = -v*u. Determine b(u).
-8
Let x(m) = -m + 4*m - 2*m. Let k = -2 - -4. Suppose 13 = 5*j - k. Give x(j).
3
Let l be 12/6 + 16/2. Suppose 0 = 4*a - 6*a - l. Let o(x) = -x**3 - 5*x**2 + 3*x + 6. Calculate o(a).
-9
Let i(a) be the first derivative of 1/3*a**3 + 0*a**2 - 2*a + 6 + 1/4*a**4. Determine i(-2).
-6
Let z = -7 - -1. Let t be (1 - -1) + (-6 - z). Let r be (-37)/(-7) - t/7. Let m(y) = -y + 8. Determine m(r).
3
Suppose 0 = -5*a - 5, -3*x + a - 3*a + 7 = 0. Let n(r) = x + 4 - 4*r + 7*r**3 - 3*r**2 - 4 - 6*r**3. Give n(4).
3
Suppose 0 = 8*l - 4*l - 12. Suppose 0 = -o + l*o. Let z(h) = h**2 + 16. Determine z(o).
16
Let t(s) = 16*s**2 - 8 + 3*s - 7*s**2 - 14*s + s**3. Give t(-10).
2
Let h(w) = 7*w - 5*w**2 - 5*w**2 + 2 + 9*w**2 - 5. Calculate h(5).
7
Let s(d) = d - 6. Let f = -27 - -31. What is s(f)?
-2
Let c be (-2)/9 - 76/(-18). Let z(v) be the third derivative of -v**4/24 + v**3/2 - v**2 + 10. Give z(c).
-1
Let u be (-13)/(-15) + (-4)/(-30). Let x(r) = r. Calculate x(u).
1
Let g be -3*(14/6 - 1). Let v(f) = 5*f**2 + 9*f - 6. Let r = -3 - -14. Let o(p) = -14*p**2 - 26*p + 17. Let m(l) = r*v(l) + 4*o(l). Determine m(g).
6
Let q(u) = u - 9. Suppose 2*m = b - 0*b + 2, -4*b = 3*m - 3. Calculate q(b).
-9
Let g(h) = h**2 - 7*h + 4. Let m = -2 - -8. Determine g(m).
-2
Let g = 8 - 4. Let w(j) = j + 6. Let v be w(-3). Let i(f) = 0 - f + g - v*f. Give i(4).
-12
Suppose 4 = z + 3*y, 0 = -z + y + 7 + 9. Let c(i) = -i + 28 + i**2 - i**3 - 14 - z + 0*i**2. Calculate c(1).
0
Let c(g) = -g**2 + 4*g + 2. Let a(p) = 3*p + 11*p - 5*p**2 - 2*p + 2*p**2 + 5. Let n(v) = 3*a(v) - 8*c(v). Determine n(2).
3
Let y(l) = -14*l**2 + 3*l - 26. Let r(f) = 5*f**2 - f + 9. Let a(c) = -11*r(c) - 4*y(c). Give a(0).
5
Let i(l) = -2*l. Suppose 37 = -2*x + 5*a, 3*x + 2*a - a = -13. Calculate i(x).
12
Let z(g) = -2*g**3 - 4*g**2 + 15*g**2 - 7*g**2 - 7*g**2 + 2. Determine z(-2).
6
Let i = 110 + -108. Let r(n) = -8*n. Give r(i).
-16
Let o(m) = -m**3 - 4*m**2 + 4*m + 4. Let h be -1*((-5)/1 - -3)*-2. Determine o(h).
-12
Let y(s) be the third derivative of -s**5/60 - 5*s**4/24 - s**3/2 - 19*s**2. Calculate y(-5).
-3
Let o be (13/(-4) - 33/44)*-1. Let n(q) = q**3 - 3*q**2 - 2*q + 4. Calculate n(o).
12
Let i(o) be the first derivative of -o**2/2 + 3*o + 3. Let s(n) = -6. Let u(j) = 5. Let q(m) = -4*s(m) - 5*u(m). Let b(y) = 4*i(y) + 12*q(y). Give b(-2).
8
Let s(l) be the second derivative of -l**4/12 - l**3/6 + 4*l**2 - l. Suppose -5*c + 10 = -3*m - 0, 0 = c - 2. Let a be (m*3/6)/(-1). Give s(a).
8
Let j be (-8)/(-28)*-1*-7. Suppose 3*a - 30 = -j*a + d, 35 = 4*a - 3*d. Let k(l) = -l**2 + 5*l + 2. What is k(a)?
2
Suppose -134 = 5*x + 4*v, 4*v - 2*v + 112 = -4*x. Let p be ((-20)/x)/((-4)/(-18)). Let u(g) = -g**3 + 3*g**2 + g - 1. What is u(p)?
2
Let x(a) = a**2 + 3*a. Let f(s) = -s**2 - 4*s. Let t(p) = 3*f(p) + 2*x(p). What is t(-5)?
5
Let v(i) = -i**2 + i - 4. Let o(t) = 3*t**2 - 2*t + 9. Let w(m) = -4*o(m) - 9*v(m). Calculate w(1).
-4
Let z(k) = -3*k**3 + 2*k**2 - 14*k + 8. Let p(y) = y**3 - y**2 + 5*y - 3. Let s(m) = -17*p(m) - 6*z(m). Let w = -12 - -7. Determine s(w).
8
Let q(l) = 0 - l + l**2 - 3 + 0. Give q(0).
-3
Let g(u) = u + 0*u**2 + u**2 - 7 - 1. Let z(t) = t - 6. Let i be z(9). Let m be (-1 + i)/(-2) - -1. Determine g(m).
-8
Let r(s) = s**2 + s - 1. Let m(w) = 4*w**2 - 4*w + 2. Let u(h) = m(h) - 3*r(h). Suppose -2*l + 5*o = -35, -3*o + o - 30 = -4*l. Determine u(l).
-5
Suppose -5*j -